t o(n) = 12*n + n**2 + 1 + 0 - 8*n - 6*n. Let z be o(1). Suppose z = -2*w + w - g + 114, -g + 459 = 4*w. Is w a composite number?
True
Is ((-1)/(-2))/(32/232768) a prime number?
True
Let v = 8940 - 4267. Is v prime?
True
Suppose 5*m - 22023 = -4*g, -3*m - 1529 = 5*g - 29061. Is g prime?
True
Let w = 1007 - 206. Let k = 1136 - w. Suppose -h = 4*h - k. Is h a prime number?
True
Let p = 12578 + 55811. Is p a composite number?
False
Let u = 3412 + -1665. Is u prime?
True
Let x(f) = -19*f**3 + 2*f**2 + 4*f - 4. Let r be x(2). Let j = 317 + r. Is j a composite number?
True
Let o(l) = -20*l + 1741. Is o(0) prime?
True
Suppose 0*t = t + 1, -3*q - 5*t + 4 = 0. Suppose -2*y = -5 + q. Let c(u) = 294*u**3 - u**2 - u + 1. Is c(y) a prime number?
True
Let n(k) = -55*k - 1. Let t(w) = 166*w + 2. Let m(s) = -7*n(s) - 2*t(s). Is m(8) a composite number?
True
Let q(u) = -u**3 + 4*u**2 + 15*u + 37. Is q(-9) composite?
True
Let m(v) = 6*v**3 - 16*v**2 + v - 41. Is m(12) prime?
False
Let t be (3 + -1)*-1*28. Let b be ((-403)/117 + 8/18)*38. Let o = t - b. Is o prime?
False
Let q = 27 + 273. Suppose 0 = 3*h - 3*j - 1920, -2*j + q = 3*h - 1625. Is h a prime number?
True
Suppose -3*z = 2*d + 4, 5*d + 4*z = 2*d - 5. Suppose o = -0*o + d. Is 27 - (o + (1 - 1)) a prime number?
False
Is (-3)/(7/(-28)*4) + 12200 a composite number?
False
Let a = 1457 - 263. Suppose -a = -6*p - 0*p. Is p a prime number?
True
Suppose -3*y + 12 = 3*a, y - 6 = -5*a + 6. Suppose -4883 = -5*i + z, 2*z + a*z = 8. Is i prime?
True
Let c be -2*179/(-1)*(-3)/(-6). Suppose 5*q = -5*w + 320, -5*q + 142 = 4*w - c. Is q prime?
False
Let q = 8663 - -29532. Is q composite?
True
Let r be 5*(6*-14)/((-5)/191). Suppose 11*i - r = -i. Is i a prime number?
False
Suppose -1245251 = -57*o + 950332. Is o prime?
False
Is (-1)/(5/40) + 2245 a prime number?
True
Let o(z) = -2 + 0 + 145*z + 0 + 12. Is o(3) prime?
False
Let x = 5863 + -8587. Let t = -1283 - x. Is t a prime number?
False
Suppose -2*m + 0*w + 97 = -3*w, 41 = m - 3*w. Suppose -2*r - s + 17 = 4, 5*r - 2*s - 19 = 0. Is m - ((r - 2) + -2) prime?
False
Let y(u) = u + 7. Let o be y(-4). Suppose 0 = w - o*c + 4*c - 445, -2*c - 442 = -w. Suppose 3*t + t - w = 0. Is t composite?
True
Let h(f) = -f**3 + 11*f**2 + 12*f + 5. Let u be h(12). Suppose 22*c - 27*c - u = 0. Is (-1 - -137) + c + 4 composite?
False
Let z(g) = 571*g**2 + 5*g - 6. Let h be z(-3). Let y = 8765 - h. Is y a prime number?
False
Let j(g) be the second derivative of -g**5/20 + 7*g**4/6 - 4*g**3/3 - g**2 - 9*g. Let b be j(10). Suppose 0 = 3*n - b - 351. Is n composite?
False
Suppose 26*h - 7534 = 40228. Is h a prime number?
False
Let b = 367 - -250. Let u be 1 + 1/((-1)/359). Let k = u + b. Is k prime?
False
Let h = -398 + 418. Suppose -2*m - 8 = -6*m. Suppose -t = m, 3*t - h = -u + 95. Is u a prime number?
False
Let l = 10016 + -4861. Is l composite?
True
Let i = -859 - -489. Let t = i - -573. Is t prime?
False
Let o = -1217 + 1750. Is o prime?
False
Is 33/(-42)*-47202 - (-14)/(-49) a prime number?
True
Let w = 162 - 98. Suppose 7*h - 242 = 2*h - p, -5*h + p + 248 = 0. Suppose -o - 2*f = o - w, -2*o = 5*f - h. Is o a prime number?
True
Is -7 + (-3 - (-6387 + 6)) prime?
False
Suppose -4*y - 14 = -5*z, z = -3*y - 1 - 0. Let f be 93 + (1 - z) - 4. Is ((-211)/(-4))/(22/f) a composite number?
False
Let k(j) = -j**3 + 17*j**2 + 2. Let m be k(14). Is (-24)/(-16) - m/(-4) prime?
True
Is ((-5)/10 + 1)/((-5)/(-150130)) composite?
False
Let c(j) = -j**2 - 12*j - 10. Let s be c(-11). Is (2 + s)/((-3)/(-157)) prime?
True
Suppose 4*v + 3826 = 2*w, -3*v - 2*v = 2*w - 3862. Is w prime?
False
Let x(t) = -1435*t**2. Let o be x(1). Let m = -541 - o. Suppose -j - 2*j + m = -3*i, 3*j = -i + 906. Is j composite?
True
Let t(q) = -35*q**2 - 31*q - 21. Let y(g) = -17*g**2 - 15*g - 11. Let l(s) = 2*t(s) - 5*y(s). Is l(6) prime?
True
Let h(q) = 128*q**2 + 36*q - 3. Is h(-5) composite?
True
Let a(q) = 2*q**2 - q + 8. Suppose 0 = -5*f - t + 30, -3*f + 0*f + t = -10. Is a(f) a prime number?
True
Suppose 37 = -3*j - 5*f, j + 2*f + f + 19 = 0. Let s(w) = -6*w**3 - 3*w**2 + 3*w - 5. Is s(j) a composite number?
True
Let v(n) = 324*n - 31. Is v(20) a composite number?
False
Suppose f - 826 = 12027. Is f a prime number?
True
Let l(c) = 17*c**2 - 20*c + 9. Is l(5) prime?
False
Suppose 5*m - 8 = 2. Is ((-1306)/m)/(6 - 7) composite?
False
Let s be 2/(-8)*502*2. Let i be (-3 - s) + (1 - 0). Suppose 58 = o - i. Is o a prime number?
True
Suppose -10*n + 43710 + 144340 = 0. Is n prime?
False
Let g(b) = -5*b + 223. Is g(0) a prime number?
True
Suppose -7*o = -2*o - 2875. Suppose 5*a - o = 55. Let g = 383 - a. Is g prime?
True
Let f(a) = 2*a**3 - 42*a**2 + 7*a + 46. Is f(23) composite?
True
Let g(r) = -2*r**3 - 8*r**2 - 45*r + 5. Is g(-22) prime?
False
Let i = -74946 + 107287. Is i prime?
True
Suppose -2*o - 5*j - 250 = 0, -3*o - 364 = j + j. Suppose -25*y = -24*y - 535. Let r = y + o. Is r composite?
True
Let c(y) be the first derivative of 12*y**2 + 5*y + 2. Let i(g) = 2*g + 2. Let x be i(2). Is c(x) prime?
True
Let d = -190 - -3101. Is d a composite number?
True
Let k be (-8)/(-14)*(-14)/(-4). Suppose k*q = 4*q + 28. Is -1082*(-4 + q/(-4)) a prime number?
True
Let a(s) = -158*s**3 + 6*s**2 + 7*s - 4. Let m(l) = -105*l**3 + 4*l**2 + 5*l - 3. Let i(x) = 5*a(x) - 7*m(x). Is i(-2) composite?
False
Let d = 293 - 190. Suppose 640 = 3*z - 338. Let t = z - d. Is t prime?
True
Let j = 844 + -518. Suppose 4*t - 1615 = -3*m, j = m - 3*t - 208. Is m a composite number?
True
Let p be (-12)/(-5) - (-6)/(-15). Let u be (9/6)/(1/p). Suppose 151 = 4*f + 3*a, u*f + 3*a = a + 112. Is f a composite number?
True
Is (11 - 5 - 4)*18739/2 composite?
True
Let m(h) = -5*h**2 + 22*h - 16. Let d(l) = 9*l**2 - 45*l + 32. Let g(u) = 6*d(u) + 11*m(u). Is g(-15) a prime number?
True
Suppose -9*p + 71932 = -37625. Suppose 4*f + 0*f - p = -5*o, 5*f + 7326 = 3*o. Is o a prime number?
True
Suppose 150370 = -6*g + g. Is g/(-55) - (-1)/5 a prime number?
True
Let w be ((-3)/(-2))/((-2)/(-8)). Suppose 2*o + 2788 = w*o. Is o a composite number?
True
Let c = -109 + 94. Is 1/5 - 22632/c composite?
True
Let t(k) = 6 + 4 + 911*k + 0 - 4. Is t(5) prime?
True
Let l(v) = -v + 1. Let u(d) = -d**2 - 5*d - 17. Let h(g) = 5*l(g) + u(g). Let b be h(-9). Is 1/b - 2044/(-21) a prime number?
True
Let u = 15 + -12. Let i be ((2 - u) + 0)*1. Is i/(1 + 2)*-1173 prime?
False
Suppose -2*x + 19 = 3*w, -3*w - 4*x = -5*x - 4. Let z be 0 + w + -2 + 58. Suppose l - 441 - z = -3*i, 2*i - 337 = 3*l. Is i composite?
False
Suppose -14*h = -13*h - 3585. Suppose -2*y = 5*b - 2732, -4*y - 3*b = -h - 1865. Is y composite?
False
Let x be 1 + (0 + -1)*-258. Let w = x - -46. Is w composite?
True
Let g be 1/(14/62) - 3/7. Suppose -5*t + g*w + 278 + 505 = 0, -2*w = t - 165. Is t a prime number?
False
Let t = -437 - -658. Suppose b + t - 712 = 0. Is b a prime number?
True
Suppose -w = 4*w - 135. Suppose -4*z = -w - 33. Is z a composite number?
True
Let u(g) = -g - 7. Let n be u(-8). Let r(f) = 4*f - 3 + 26*f + 4. Is r(n) composite?
False
Let x be (-21)/(-6)*(-40)/(-7). Let g = x - 23. Is ((-508)/(-12))/((-1)/g) a composite number?
False
Suppose 0*w - 24 = -6*w. Suppose -w*f + 284 = -252. Is f composite?
True
Let f(o) = o**3 + 2*o**2 - o + 21. Let m be f(0). Let a = m + -35. Is (-1 + (-805)/10)*a prime?
False
Suppose -40*q + 41*q - 2531 = 0. Is q a prime number?
True
Let n be (-1)/3 + (-3818)/(-6). Let l = n + -265. Is l a prime number?
False
Let s(c) = 31*c**2 + 16*c + 192. Is s(-9) composite?
True
Suppose 51 = 2*x - 223. Let z(b) = 16*b + 36. Let q be z(-6). Let y = q + x. Is y a composite number?
True
Let v(d) = 4*d + 19. Let z be v(8). Is (-34)/z - 2278/(-6) prime?
True
Let l(b) = 16*b**2 - 3*b - 10. Let r be l(7). Let u = r - 372. Is u composite?
True
Let p(g) = -g**3 - 2*g**2 + 3*g + 8. Let f be p(9). Let q = -285 - f. Is q prime?
True
Let u(s) = s**2 - 3*s + 5. Let w be u(3). Suppose 5051 = w*p - 3*b + b, -2*b - 3033 = -3*p. Is p a prime number?
True
Let b(k) = -k**3 - 8*k**2 - 27*k - 73. Is b(-11) prime?
True
Suppose 4*r + 24 - 20 = 0, 0 = 5*w - 5*r - 1260. Is w a prime number?
True
Suppose 4132 + 109870 = 14*d. Is d a composite number?
True
Suppose -4*b + 3022 + 1171 = j, 5*b = -5*j + 20995. Is j compo